{"id":6,"date":"2011-12-18T20:21:22","date_gmt":"2011-12-18T19:21:22","guid":{"rendered":"http:\/\/ospc.com.pl\/?page_id=6"},"modified":"2012-01-25T09:50:23","modified_gmt":"2012-01-25T08:50:23","slug":"historia","status":"publish","type":"page","link":"https:\/\/ospc.com.pl\/index.php\/o-nas\/historia\/","title":{"rendered":"Historia"},"content":{"rendered":"<div style=\"text-align: left;\">HISTORIA<\/div>\n<div style=\"text-align: left;\">Obywatelskie Stowarzyszenie Przyjaci\u00f3\u0142 Cz\u0119stochowy powsta\u0142o z dniem 30 czerwca 2009\u00a0roku, kiedy to zosta\u0142o wpisane do Krajowego Rejestru S\u0105dowego. Zainicjowane zosta\u0142o przez\u00a0cz\u0119stochowskich przedsi\u0119biorc\u00f3w: S\u0142awomira Kocyg\u0119 i Jacka Topczewskiego a stworzyli je ludzie,\u00a0kt\u00f3rym los Cz\u0119stochowy nie jest oboj\u0119tny.<\/div>\n<div style=\"text-align: left;\">Pomys\u0142 za\u0142o\u017cenia samego Stowarzyszenia wynika\u0142 z sytuacji w jakiej znajdowa\u0142a si\u0119\u00a0Cz\u0119stochowa. Nieudolne rz\u0105dy \u00f3wczesnego Prezydenta Miasta Tadeusza Wrony zmobilizowa\u0142y\u00a0mieszka\u0144c\u00f3w do dzia\u0142ania. Brak wizji rozwoju miasta, brak pomys\u0142\u00f3w na pozyskiwanie\u00a0inwestor\u00f3w oraz dramatyczne wyludnienie to tylko kilka podstawowych zarzut\u00f3w wobec pana\u00a0Wrony. Cz\u0119stochowianie byli rozczarowani stanem dr\u00f3g miejskich, brakiem inwestor\u00f3w i kiepsk\u0105\u00a0jako\u015bci\u0105 \u017cycia codziennego mieszka\u0144c\u00f3w. Bior\u0105c pod uwag\u0119 ow\u0105 sytuacj\u0119 postanowili\u015bmy\u00a0skorzysta\u0107 z jednej z form demokracji bezpo\u015bredniej a mianowicie z referendum. Pierwsze kroki w\u00a0celu przeprowadzenia referendum w sprawie odwo\u0142ania Prezydenta Miasta Tadeusza Wrony podj\u0119li\u00a0cz\u0142onkowie OSPC: S\u0142awomir Kocyga, Jacek Topczewski, Leszek Kulawik, Jacek Popio\u0142ek, Jerzy<\/div>\n<div style=\"text-align: left;\">\u0141odzi\u0144ski i Marek Drygas. Cz\u0119stochowianie r\u00f3wnie\u017c nie zawiedli. Pod inicjatyw\u0105 referendum\u00a0podpisa\u0142o 31 tysi\u0119cy obywateli miasta. Warto wspomnie\u0107, \u017ce jednomy\u015blne poparcie w tej sprawie\u00a0uzyskali\u015bmy tak\u017ce od partii politycznych: PO, PiS i SLD.<\/div>\n<div style=\"text-align: left;\">27 sierpnia Obywatelski Komitet Referendalny z\u0142o\u017cy\u0142 u Komisarza Wyborczego wniosek o wydanie\u00a0postanowienia o przeprowadzenie wspomnianego wy\u017cej referendum. Termin referendum\u00a0wyznaczono na 15 listopada 2009 roku. Po raz kolejny okaza\u0142o si\u0119, \u017ce cz\u0119stochowianie s\u0105 ambitni i\u00a0wiele oczekuj\u0105 od os\u00f3b sprawuj\u0105cych w\u0142adz\u0119. Ponad 21 procent mieszka\u0144c\u00f3w wzi\u0119\u0142o udzia\u0142 w\u00a0referendum, Za odwo\u0142aniem Tadeusza Wrony opowiedzia\u0142o si\u0119 ponad 39 tysi\u0119cy os\u00f3b. To\u00a0niew\u0105tpliwy sukces. Sukces nie tylko dla naszego Stowarzyszenia, ale przede wszystkim dla ca\u0142ej\u00a0Cz\u0119stochowy. Mieszka\u0144cy dali wraz temu, \u017ce maj\u0105 bezpo\u015bredni wp\u0142yw na w\u0142adz\u0119. To wyj\u0105tkowy,\u00a0unikalny i dotychczas niespotykany w naszym mie\u015bcie zryw spo\u0142eczny. Wygra\u0142a demokracja!\u00a0Rz\u0105dz\u0105cy musz\u0105 pami\u0119ta\u0107, \u017ce s\u0105 rozliczani za wszystkie swoje dzia\u0142ania jak i za ich brak.<\/div>\n<div style=\"text-align: left;\">Powodzenie referendum by\u0142o wydarzeniem na skal\u0119 krajow\u0105. W \u015blad za nami posz\u0142a \u0141\u00f3d\u017a. Tam\u00a0referendum w sprawie odwo\u0142ania Prezydenta Miasta odby\u0142o si\u0119 w styczniu 2010 roku. Inicjatorzy\u00a0wzorowali si\u0119 na naszych dzia\u0142aniach i konsultowali z nami swoje posuni\u0119cia. Cieszymy si\u0119, \u017ce\u00a0przyczynili\u015bmy si\u0119 do sukcesu \u0142odzian, kt\u00f3rzy skutecznie odwo\u0142ali Prezydenta Jerzego\u00a0Kropiwnickiego.<\/div>\n<div style=\"text-align: left;\">Wy\u017cej opisane wydarzenie doda\u0142o nam skrzyde\u0142 do dalszej walki o lepsze funkcjonowanie\u00a0miasta. Kolejnym przedsi\u0119wzi\u0119ciem jakim si\u0119 zaj\u0119li\u015bmy by\u0142o stworzenie takiego projektu Alej\u00a0N.M.P. oraz Placu Biega\u0144skiego, kt\u00f3ry \u0142\u0105czy\u0142by interesy mieszka\u0144c\u00f3w Cz\u0119stochowy,przedsi\u0119biorc\u00f3w oraz w\u0142adzy. Zawsze stawiali\u015bmy na rozw\u00f3j miasta, remont z naszego punktu\u00a0widzenia jest absolutnie konieczny. Chcieli\u015bmy mie\u0107 wp\u0142yw na wygl\u0105d g\u0142\u00f3wnej arterii\u00a0Cz\u0119stochowy dlatego podj\u0119li\u015bmy dialog. Przedstawili\u015bmy zgo\u0142a odmienna wersj\u0119 placu<\/div>\n<div style=\"text-align: left;\">Biega\u0144skiego od tej proponowanej przez biuro projektowe zatrudnione przez Urz\u0105d Miasta. Ten\u00a0drugi projekt (ostateczny) zak\u0142ada stworzenie przestrzeni publicznej mi\u0119dzy Ratuszem a ko\u015bcio\u0142em.\u00a0Mo\u017cna powiedzie\u0107, \u017ce ta druga koncepcja by\u0142a nieprzemy\u015blana, ale to za s\u0142abe s\u0142owo. Kilka drzew i\u00a0\u0142awek przy ko\u015bciele- to ma by\u0107 serce miasta? Owy plac to pusta, wybrukowana przestrze\u0144, miejska\u00a0pustynia, bez swojego uroku, bez historii, bez duszy. Przypomina on raczej rosyjski Plac Czerwony.\u00a0Czy\u017cby Urz\u0105d Miasta planowa\u0142 przemarsz wojska przez ?Biegana?? Bo do czeg\u00f3\u017c wi\u0119cej mo\u017ce\u00a0s\u0142u\u017cy\u0107 taka przestrze\u0144. A mo\u017ce to nagrobek Pi\u0142sudskiego, gdy\u017c z \u017cyciem ten plac na pewno si\u0119 nie\u00a0kojarzy. Pozostaje nam tylko po\u0142o\u017cy\u0107 kwiaty u st\u00f3p biednego Marsza\u0142ka, \u017ceby cho\u0107 odrobin\u0119 umili\u0107\u00a0mu pobyt na tej przestrzeni. Niestety za ten fatalny projekt zap\u0142acono r\u00f3wnie\u017c z kieszeni ka\u017cdego z\u00a0nas.<\/div>\n<div style=\"text-align: left;\">Poza aspektem czysto wizualnym i funkcjonalnym jest tak\u017ce aspekt komunikacyjny.\u00a0Uwa\u017camy, \u017ce ograniczenie ruchu drogowego w Alejach spowoduje pogorszenie komunikacji w\u00a0Cz\u0119stochowie, kt\u00f3ra i tak od dawna pozostawia wiele do \u017cyczenia.<\/div>\n<div style=\"text-align: left;\">Przedstawili\u015bmy sprawy o kt\u00f3re walczyli\u015bmy dla dobra Cz\u0119stochowy, kt\u00f3re by\u0142y\u00a0najbardziej nag\u0142a\u015bniane przez media. Nasza dzia\u0142alno\u015b\u0107 nie ogranicza si\u0119 jednak tylko do sfery\u00a0centrum miasta.<\/div>\n<div style=\"text-align: left;\">Od grudnia 2009 roku uda\u0142o nam si\u0119 zorganizowa\u0107 spotkania pt. ?Kawa na \u0142aw\u0119? z p.\u00a0Piotrem Kurpiosem oraz z wiceprezydentami<\/div>\n<div style=\"text-align: left;\">p. Majerem i p Biernatem. Spotkania te odbywa\u0142y si\u0119\u00a0w sobotnie przedpo\u0142udnia i omawiali\u015bmy na nich (wraz z lokalnymi przedsi\u0119biorcami) jak poprawi\u0107\u00a0stan koniunktury w Cz\u0119stochowie. Fakt, \u017ce jeste\u015bmy zorganizowan\u0105 grup\u0105 pomaga\u0142 nam w dotarciu\u00a0do ludzi w\u0142adzy.<\/div>\n<div style=\"text-align: left;\">Jednym z naszych niew\u0105tpliwych sukces\u00f3w by\u0142o przyczynienie si\u0119 do wyci\u0119cia\u00a0samosiejek na terenach przemys\u0142owych. Od lat puste, niezagospodarowane obszary straszy\u0142y\u00a0poro\u015bni\u0119tymi krzakami. Przez dwie i p\u00f3\u0142 kadencje p. Tadeusz Wrona nie m\u00f3g\u0142 sobie poradzi\u0107 z tym\u00a0problemem. Uznali\u015bmy \u017ce najwy\u017cszy czas doprowadzi\u0107 te miejsca do porz\u0105dku, aby w jak\u00a0najkr\u00f3tszym czasie mo\u017cna by\u0142o otwiera\u0107 tam nowe przedsi\u0119biorstwa. Po rozmowach z magistratem\u00a0uda\u0142o nam si\u0119 doj\u015b\u0107 do konsensusu i doprowadzi\u0107 do wyci\u0119cia samosiejek. Nie trzeba by\u0142o d\u0142ugo\u00a0czeka\u0107, a\u017c na terenach pohutniczych pojawili si\u0119 nowi inwestorzy.<\/div>\n<div style=\"text-align: left;\">OSPC zawsze ch\u0119tnie bierze udzia\u0142 w akcjach charytatywnych. Zw\u0142aszcza los dzieci nie\u00a0jest nam oboj\u0119tny. 11 lipca 2010 roku Obywatelskie Stowarzyszenie Przyjaci\u00f3\u0142 Cz\u0119stochowy\u00a0zaprosi\u0142o nad zalew do Poraja kilkana\u015bcioro dzieci z O\u015brodka Pomocy Dziecku i Rodzinie z G\u00f3ry<\/div>\n<div style=\"text-align: left;\">W\u0142odawskiej. Z nasz\u0105 skromn\u0105 pomoc\u0105 uda\u0142o si\u0119 zorganizowa\u0107 liczne atrakcje: p\u0142ywanie skuterem,\u00a0motor\u00f3wk\u0105, grillowanie, dzieci otrzyma\u0142y tak\u017ce drobne upominki.<\/div>\n<div style=\"text-align: left;\">Podczas wybor\u00f3w do samorz\u0105du lokalnego w 2010 roku r\u00f3wnie\u017c nie byli\u015bmy bezczynni.\u00a0Wystawili\u015bmy kilku kandydat\u00f3w do Rady Miasta Cz\u0119stochowa, a w 2011 roku cz\u0142onek zarz\u0105du\u00a0OSPC kandydowa\u0142 na Senatora RP z KWW Kandydat Cz\u0119stochowy.<\/div>\n<div style=\"text-align: left;\">To tyle, je\u017celi chodzi o histori\u0119. Wszelkich informacji o tera\u017aniejszych dzia\u0142aniach\u00a0dowiedz\u0105 si\u0119 Pa\u0144stwo z zak\u0142adki Aktualno\u015bci.<\/div>\n","protected":false},"excerpt":{"rendered":"<p>HISTORIA Obywatelskie Stowarzyszenie Przyjaci\u00f3\u0142 Cz\u0119stochowy powsta\u0142o z dniem 30 czerwca 2009\u00a0roku, kiedy to zosta\u0142o wpisane do Krajowego Rejestru S\u0105dowego. Zainicjowane zosta\u0142o przez\u00a0cz\u0119stochowskich&#8230;<\/p>\n","protected":false},"author":3,"featured_media":0,"parent":4,"menu_order":1,"comment_status":"closed","ping_status":"open","template":"","meta":[],"_links":{"self":[{"href":"https:\/\/ospc.com.pl\/index.php\/wp-json\/wp\/v2\/pages\/6"}],"collection":[{"href":"https:\/\/ospc.com.pl\/index.php\/wp-json\/wp\/v2\/pages"}],"about":[{"href":"https:\/\/ospc.com.pl\/index.php\/wp-json\/wp\/v2\/types\/page"}],"author":[{"embeddable":true,"href":"https:\/\/ospc.com.pl\/index.php\/wp-json\/wp\/v2\/users\/3"}],"replies":[{"embeddable":true,"href":"https:\/\/ospc.com.pl\/index.php\/wp-json\/wp\/v2\/comments?post=6"}],"version-history":[{"count":6,"href":"https:\/\/ospc.com.pl\/index.php\/wp-json\/wp\/v2\/pages\/6\/revisions"}],"predecessor-version":[{"id":47,"href":"https:\/\/ospc.com.pl\/index.php\/wp-json\/wp\/v2\/pages\/6\/revisions\/47"}],"up":[{"embeddable":true,"href":"https:\/\/ospc.com.pl\/index.php\/wp-json\/wp\/v2\/pages\/4"}],"wp:attachment":[{"href":"https:\/\/ospc.com.pl\/index.php\/wp-json\/wp\/v2\/media?parent=6"}],"curies":[{"name":"wp","href":"https:\/\/api.w.org\/{rel}","templated":true}]}}

<div style="text-align: left;">HISTORIA</div>
<div style="text-align: left;">Obywatelskie Stowarzyszenie Przyjaciół Częstochowy powstało z dniem 30 czerwca 2009 roku, kiedy to zostało wpisane do Krajowego Rejestru Sądowego. Zainicjowane zostało przez częstochowskich przedsiębiorców: Sławomira Kocygę i Jacka Topczewskiego a stworzyli je ludzie, którym los Częstochowy nie jest obojętny.</div>
<div style="text-align: left;">Pomysł założenia samego Stowarzyszenia wynikał z sytuacji w jakiej znajdowała się Częstochowa. Nieudolne rządy ówczesnego Prezydenta Miasta Tadeusza Wrony zmobilizowały mieszkańców do działania. Brak wizji rozwoju miasta, brak pomysłów na pozyskiwanie inwestorów oraz dramatyczne wyludnienie to tylko kilka podstawowych zarzutów wobec pana Wrony. Częstochowianie byli rozczarowani stanem dróg miejskich, brakiem inwestorów i kiepską jakością życia codziennego mieszkańców. Biorąc pod uwagę ową sytuację postanowiliśmy skorzystać z jednej z form demokracji bezpośredniej a mianowicie z referendum. Pierwsze kroki w celu przeprowadzenia referendum w sprawie odwołania Prezydenta Miasta Tadeusza Wrony podjęli członkowie OSPC: Sławomir Kocyga, Jacek Topczewski, Leszek Kulawik, Jacek Popiołek, Jerzy</div>
<div style="text-align: left;">Łodziński i Marek Drygas. Częstochowianie również nie zawiedli. Pod inicjatywą referendum podpisało 31 tysięcy obywateli miasta. Warto wspomnieć, że jednomyślne poparcie w tej sprawie uzyskaliśmy także od partii politycznych: PO, PiS i SLD.</div>
<div style="text-align: left;">27 sierpnia Obywatelski Komitet Referendalny złożył u Komisarza Wyborczego wniosek o wydanie postanowienia o przeprowadzenie wspomnianego wyżej referendum. Termin referendum wyznaczono na 15 listopada 2009 roku. Po raz kolejny okazało się, że częstochowianie są ambitni i wiele oczekują od osób sprawujących władzę. Ponad 21 procent mieszkańców wzięło udział w referendum, Za odwołaniem Tadeusza Wrony opowiedziało się ponad 39 tysięcy osób. To niewątpliwy sukces. Sukces nie tylko dla naszego Stowarzyszenia, ale przede wszystkim dla całej Częstochowy. Mieszkańcy dali wraz temu, że mają bezpośredni wpływ na władzę. To wyjątkowy, unikalny i dotychczas niespotykany w naszym mieście zryw społeczny. Wygrała demokracja! Rządzący muszą pamiętać, że są rozliczani za wszystkie swoje działania jak i za ich brak.</div>
<div style="text-align: left;">Powodzenie referendum było wydarzeniem na skalę krajową. W ślad za nami poszła Łódź. Tam referendum w sprawie odwołania Prezydenta Miasta odbyło się w styczniu 2010 roku. Inicjatorzy wzorowali się na naszych działaniach i konsultowali z nami swoje posunięcia. Cieszymy się, że przyczyniliśmy się do sukcesu łodzian, którzy skutecznie odwołali Prezydenta Jerzego Kropiwnickiego.</div>
<div style="text-align: left;">Wyżej opisane wydarzenie dodało nam skrzydeł do dalszej walki o lepsze funkcjonowanie miasta. Kolejnym przedsięwzięciem jakim się zajęliśmy było stworzenie takiego projektu Alej N.M.P. oraz Placu Biegańskiego, który łączyłby interesy mieszkańców Częstochowy,przedsiębiorców oraz władzy. Zawsze stawialiśmy na rozwój miasta, remont z naszego punktu widzenia jest absolutnie konieczny. Chcieliśmy mieć wpływ na wygląd głównej arterii Częstochowy dlatego podjęliśmy dialog. Przedstawiliśmy zgoła odmienna wersję placu</div>
<div style="text-align: left;">Biegańskiego od tej proponowanej przez biuro projektowe zatrudnione przez Urząd Miasta. Ten drugi projekt (ostateczny) zakłada stworzenie przestrzeni publicznej między Ratuszem a kościołem. Można powiedzieć, że ta druga koncepcja była nieprzemyślana, ale to za słabe słowo. Kilka drzew i ławek przy kościele- to ma być serce miasta? Owy plac to pusta, wybrukowana przestrzeń, miejska pustynia, bez swojego uroku, bez historii, bez duszy. Przypomina on raczej rosyjski Plac Czerwony. Czyżby Urząd Miasta planował przemarsz wojska przez ?Biegana?? Bo do czegóż więcej może służyć taka przestrzeń. A może to nagrobek Piłsudskiego, gdyż z życiem ten plac na pewno się nie kojarzy. Pozostaje nam tylko położyć kwiaty u stóp biednego Marszałka, żeby choć odrobinę umilić mu pobyt na tej przestrzeni. Niestety za ten fatalny projekt zapłacono również z kieszeni każdego z nas.</div>
<div style="text-align: left;">Poza aspektem czysto wizualnym i funkcjonalnym jest także aspekt komunikacyjny. Uważamy, że ograniczenie ruchu drogowego w Alejach spowoduje pogorszenie komunikacji w Częstochowie, która i tak od dawna pozostawia wiele do życzenia.</div>
<div style="text-align: left;">Przedstawiliśmy sprawy o które walczyliśmy dla dobra Częstochowy, które były najbardziej nagłaśniane przez media. Nasza działalność nie ogranicza się jednak tylko do sfery centrum miasta.</div>
<div style="text-align: left;">Od grudnia 2009 roku udało nam się zorganizować spotkania pt. ?Kawa na ławę? z p. Piotrem Kurpiosem oraz z wiceprezydentami</div>
<div style="text-align: left;">p. Majerem i p Biernatem. Spotkania te odbywały się w sobotnie przedpołudnia i omawialiśmy na nich (wraz z lokalnymi przedsiębiorcami) jak poprawić stan koniunktury w Częstochowie. Fakt, że jesteśmy zorganizowaną grupą pomagał nam w dotarciu do ludzi władzy.</div>
<div style="text-align: left;">Jednym z naszych niewątpliwych sukcesów było przyczynienie się do wycięcia samosiejek na terenach przemysłowych. Od lat puste, niezagospodarowane obszary straszyły porośniętymi krzakami. Przez dwie i pół kadencje p. Tadeusz Wrona nie mógł sobie poradzić z tym problemem. Uznaliśmy że najwyższy czas doprowadzić te miejsca do porządku, aby w jak najkrótszym czasie można było otwierać tam nowe przedsiębiorstwa. Po rozmowach z magistratem udało nam się dojść do konsensusu i doprowadzić do wycięcia samosiejek. Nie trzeba było długo czekać, aż na terenach pohutniczych pojawili się nowi inwestorzy.</div>
<div style="text-align: left;">OSPC zawsze chętnie bierze udział w akcjach charytatywnych. Zwłaszcza los dzieci nie jest nam obojętny. 11 lipca 2010 roku Obywatelskie Stowarzyszenie Przyjaciół Częstochowy zaprosiło nad zalew do Poraja kilkanaścioro dzieci z Ośrodka Pomocy Dziecku i Rodzinie z Góry</div>
<div style="text-align: left;">Włodawskiej. Z naszą skromną pomocą udało się zorganizować liczne atrakcje: pływanie skuterem, motorówką, grillowanie, dzieci otrzymały także drobne upominki.</div>
<div style="text-align: left;">Podczas wyborów do samorządu lokalnego w 2010 roku również nie byliśmy bezczynni. Wystawiliśmy kilku kandydatów do Rady Miasta Częstochowa, a w 2011 roku członek zarządu OSPC kandydował na Senatora RP z KWW Kandydat Częstochowy.</div>
<div style="text-align: left;">To tyle, jeżeli chodzi o historię. Wszelkich informacji o teraźniejszych działaniach dowiedzą się Państwo z zakładki Aktualności.</div>

<p>HISTORIA Obywatelskie Stowarzyszenie Przyjaciół Częstochowy powstało z dniem 30 czerwca 2009 roku, kiedy to zostało wpisane do Krajowego Rejestru Sądowego. Zainicjowane zostało przez częstochowskich&#8230;</p>
